{"id":621,"date":"2022-03-16T18:24:27","date_gmt":"2022-03-16T23:24:27","guid":{"rendered":"https:\/\/topform.tech\/?page_id=621"},"modified":"2025-04-25T13:17:31","modified_gmt":"2025-04-25T18:17:31","slug":"recitals","status":"publish","type":"page","link":"https:\/\/arbasicula.org\/sc\/recitals\/","title":{"rendered":"Na sira di puis\u00eca siciliana"},"content":{"rendered":"\n<p>c\u00fb pruf. Gaetano Cipolla a Casa Italiana Zerilli-Marim\u00f2 di l&#8217;Universit\u00e0 New York (10 marzu 2016). Introduzioni di Cummennaturi Aldo Mancusi e Jacqueline Longo Snowber. Prisintata d\u00e2 Tavula Rutunna Culturali Miricana-Taliana in associazioni c\u00fb Museu Enricu Carusu di l&#8217;America.<\/p>\n\n\n\n<figure class=\"wp-block-embed is-type-video is-provider-youtube wp-block-embed-youtube wp-embed-aspect-16-9 wp-has-aspect-ratio\"><div class=\"wp-block-embed__wrapper\">\n<iframe loading=\"lazy\" title=\"An Evening of Sicilian Poetry\" width=\"640\" height=\"360\" src=\"https:\/\/www.youtube.com\/embed\/ACeU9wVHa7g?feature=oembed\" frameborder=\"0\" allow=\"accelerometer; autoplay; clipboard-write; encrypted-media; gyroscope; picture-in-picture; web-share\" referrerpolicy=\"strict-origin-when-cross-origin\" allowfullscreen><\/iframe>\n<\/div><\/figure>\n\n\n\n<p>Di sutta ci sunnu lijami a chi\u00f9 video cu puisii recitati e traduzioni di Gaetano Cipolla:<\/p>\n\n\n\n<ul class=\"wp-block-list\">\n<li><a href=\"https:\/\/arbasicula.org\/sc\/ignazio-buttitta\/\" data-type=\"link\" data-id=\"https:\/\/arbasicula.org\/sc\/ignazio-buttitta\/\">Ignazio Buttitta<\/a><\/li>\n\n\n\n<li><a href=\"https:\/\/arbasicula.org\/sc\/nino-martoglio\/\" data-type=\"page\" data-id=\"1181\">Nino Martoglio<\/a><\/li>\n\n\n\n<li><a href=\"https:\/\/arbasicula.org\/sc\/nino-provenzano\/\" data-type=\"page\" data-id=\"1136\">Nino Provenzano<\/a><\/li>\n\n\n\n<li><a href=\"https:\/\/arbasicula.org\/sc\/vincenzo-ancona\/\" data-type=\"page\" data-id=\"1139\">Vincenzo Ancona<\/a><\/li>\n<\/ul>\n","protected":false},"excerpt":{"rendered":"<p>c\u00fb pruf. Gaetano Cipolla a Casa Italiana Zerilli-Marim\u00f2 di l&#8217;Universit\u00e0 New York (10 marzu 2016). Introduzioni di Cummennaturi Aldo Mancusi e Jacqueline Longo Snowber. Prisintata<\/p>\n","protected":false},"author":1,"featured_media":0,"parent":0,"menu_order":0,"comment_status":"closed","ping_status":"closed","template":"","meta":{"footnotes":""},"class_list":["post-621","page","type-page","status-publish","hentry"],"translation":{"provider":"WPGlobus","version":"2.10.9","language":"sc","enabled_languages":["en","sc"],"languages":{"en":{"title":true,"content":true,"excerpt":false},"sc":{"title":true,"content":true,"excerpt":false}}},"_links":{"self":[{"href":"https:\/\/arbasicula.org\/sc\/wp-json\/wp\/v2\/pages\/621","targetHints":{"allow":["GET"]}}],"collection":[{"href":"https:\/\/arbasicula.org\/sc\/wp-json\/wp\/v2\/pages"}],"about":[{"href":"https:\/\/arbasicula.org\/sc\/wp-json\/wp\/v2\/types\/page"}],"author":[{"embeddable":true,"href":"https:\/\/arbasicula.org\/sc\/wp-json\/wp\/v2\/users\/1"}],"replies":[{"embeddable":true,"href":"https:\/\/arbasicula.org\/sc\/wp-json\/wp\/v2\/comments?post=621"}],"version-history":[{"count":26,"href":"https:\/\/arbasicula.org\/sc\/wp-json\/wp\/v2\/pages\/621\/revisions"}],"predecessor-version":[{"id":1422,"href":"https:\/\/arbasicula.org\/sc\/wp-json\/wp\/v2\/pages\/621\/revisions\/1422"}],"wp:attachment":[{"href":"https:\/\/arbasicula.org\/sc\/wp-json\/wp\/v2\/media?parent=621"}],"curies":[{"name":"wp","href":"https:\/\/api.w.org\/{rel}","templated":true}]}}

Na sira di puisìa siciliana

<p>cû pruf. Gaetano Cipolla a Casa Italiana Zerilli-Marimò di l&#8217;Università New York (10 marzu 2016). Introduzioni di Cummennaturi Aldo Mancusi e Jacqueline Longo Snowber. Prisintata dâ Tavula Rutunna Culturali Miricana-Taliana in associazioni cû Museu Enricu Carusu di l&#8217;America.</p>



<figure class="wp-block-embed is-type-video is-provider-youtube wp-block-embed-youtube wp-embed-aspect-16-9 wp-has-aspect-ratio"><div class="wp-block-embed__wrapper">
<iframe loading="lazy" title="An Evening of Sicilian Poetry" width="640" height="360" src="https://www.youtube.com/embed/ACeU9wVHa7g?feature=oembed" frameborder="0" allow="accelerometer; autoplay; clipboard-write; encrypted-media; gyroscope; picture-in-picture; web-share" referrerpolicy="strict-origin-when-cross-origin" allowfullscreen></iframe>
</div></figure>



<p>Di sutta ci sunnu lijami a chiù video cu puisii recitati e traduzioni di Gaetano Cipolla:</p>



<ul class="wp-block-list">
<li><a href="https://arbasicula.org/sc/ignazio-buttitta/" data-type="link" data-id="https://arbasicula.org/sc/ignazio-buttitta/">Ignazio Buttitta</a></li>



<li><a href="https://arbasicula.org/sc/nino-martoglio/" data-type="page" data-id="1181">Nino Martoglio</a></li>



<li><a href="https://arbasicula.org/sc/nino-provenzano/" data-type="page" data-id="1136">Nino Provenzano</a></li>



<li><a href="https://arbasicula.org/sc/vincenzo-ancona/" data-type="page" data-id="1139">Vincenzo Ancona</a></li>
</ul>

<p>cû pruf. Gaetano Cipolla a Casa Italiana Zerilli-Marimò di l&#8217;Università New York (10 marzu 2016). Introduzioni di Cummennaturi Aldo Mancusi e Jacqueline Longo Snowber. Prisintata</p>
